 = 0, -32 = -2*g + d. Calculate the greatest common divisor of 176 and g.
16
Let k be (-736)/(-120) + (-2)/15. What is the highest common factor of 2 and k?
2
Suppose -5*p = -2*p + 6, 0 = 2*i + 3*p + 2. Suppose 4 = 6*v - i*v. Calculate the greatest common divisor of v and 1.
1
Suppose -a + 0*a - 5*p = -32, p + 32 = 3*a. Let m = -22 + 118. What is the highest common divisor of m and a?
12
Suppose 5*n - 225 = -4*c, 4*c + n + 109 = 346. Calculate the greatest common divisor of c and 20.
20
Let z(m) = m**3 + 11*m**2 - 15*m - 6. Let v(d) = -d**2 + d - 6. Let q be v(3). Let p be z(q). What is the greatest common factor of p and 6?
6
Let u be (-2 - (3 + -3)) + 20. What is the highest common factor of 90 and u?
18
Suppose -10 + 52 = 2*z. What is the greatest common factor of 231 and z?
21
Let r be (1 + 1)*(72 - -8). Calculate the highest common factor of 10 and r.
10
Suppose -14 = -5*f + 6. Let n be (-1)/(17/(-8) - -2). What is the highest common divisor of n and f?
4
Let i(w) = -4*w - 1. Let y be i(-1). Suppose 2 + 7 = a + p, -p = y. Let s = 74 - -34. Calculate the greatest common factor of s and a.
12
Suppose -24 = -t - f, 5*t - 3*f = -2*f + 102. What is the highest common divisor of 42 and t?
21
Suppose -6*m - 2*p = -m - 247, -2*m + 2*p + 96 = 0. Let d(h) = 2*h + 3. Let g be d(2). What is the greatest common factor of g and m?
7
Suppose -9*p + 91 = -2*p. Calculate the greatest common factor of p and 91.
13
Suppose -3*y + 52 = 2*v, -3*y + 31 = -y + 5*v. What is the greatest common divisor of 12 and y?
6
Let p(i) = 1. Let a(c) = -c + 3. Let w(d) = a(d) + 2*p(d). Let t be w(-5). Let q be (1 + 13/(-3))*570/(-38). Calculate the greatest common factor of t and q.
10
Suppose -3*f - 101 = -2*g - 2*g, 5*g - 5*f = 125. Calculate the highest common divisor of g and 286.
26
Suppose -f - 54 = -3*f - 2*p, -5*f = -3*p - 95. What is the highest common divisor of f and 22?
22
Let c(m) = -30*m + 9. Let n be c(10). Let a = -158 - n. What is the highest common factor of a and 19?
19
Suppose 0 = -3*c - 3*m + 117, 6*c - 188 = c + 2*m. Calculate the greatest common divisor of c and 57.
19
Let y = 41 - 21. Suppose 4*r = 3*r. Let n = r + 10. What is the greatest common factor of n and y?
10
Let g be (675/(-10))/(-3)*2. Let x be 18/99 - 326/(-22). Calculate the greatest common divisor of x and g.
15
Let g(r) = r + 1. Let o be g(2). Suppose 5*u + o*k = 112, 2*u = 3*u - 4*k - 4. What is the greatest common factor of 10 and u?
10
Suppose 25 + 287 = 12*f. What is the greatest common factor of f and 13?
13
Let f = 15 - -2. Let q(j) = 9*j - 1. Let p be q(2). Calculate the greatest common factor of f and p.
17
Suppose 2*i - 2*l + l - 22 = 0, 4*i - 56 = -l. What is the greatest common factor of 78 and i?
13
Suppose h + 0 = 3. Suppose -v + 15 = 3*q - 126, -9 = h*v. Suppose -d - 12 = -3*d. Calculate the greatest common factor of q and d.
6
Let l = -9 + 25. What is the greatest common factor of 144 and l?
16
Let x be 51/9*(-15)/(-5). What is the highest common divisor of 17 and x?
17
Suppose -49 + 364 = 3*v. Suppose -m - 2*m - 114 = w, -3*m - v = -2*w. Let p be (-1)/4 + m/(-4). What is the highest common factor of p and 1?
1
Suppose -5*c - 4*g = g - 15, c - 3*g = 11. Suppose -c*m - 3*u = -727, 2*u = 13 - 5. Suppose -n = -0*n - 13. What is the highest common factor of m and n?
13
Suppose 2*i - 100 = -3*i. Let f(l) = 2*l**2 - 9*l - 8. Let n be f(6). What is the highest common factor of n and i?
10
Let g be 1*32 - (-1 - -3). Suppose -5*d - 3*w + 228 = 0, -w = -3*d - d + 179. Calculate the highest common factor of g and d.
15
Suppose 3*o = 11 + 37. Suppose 3*n - 17 = 5*k, -4*n - 1 + 18 = -k. Suppose -2*i + 4 = -n. Calculate the highest common factor of i and o.
4
Suppose t + 3*t = 0. Suppose -2*o + 4*o + 4 = t, -4*i - 5*o = -54. What is the greatest common factor of i and 24?
8
Let m(h) = -1 - 19*h**3 + 1 + 13*h**3. Let y(j) = -j**3 + 5*j**2 + 6*j - 1. Let i be y(6). Let a be m(i). What is the greatest common divisor of 18 and a?
6
Let v(p) = -p + 1. Let n be v(-3). Suppose -28 = 4*r - 4*a - a, 16 = n*a. Let j be 2 - ((-120)/(-2))/r. What is the highest common factor of j and 4?
4
Let k(x) = -4*x - 22. Let c be k(-10). What is the greatest common factor of c and 9?
9
Let j(m) = -m**3 - 3*m + 16. Let t be j(0). Calculate the greatest common factor of 8 and t.
8
Suppose 5*w = 3*l - l - 11, 2*l - 41 = -w. What is the greatest common divisor of l and 54?
18
Let j be ((-2)/7 - (-72)/(-42)) + 28. Calculate the highest common divisor of 286 and j.
26
Let i(w) = w**3 - w + 38. Let f be i(0). What is the highest common factor of f and 38?
38
Suppose -298 = -2*f - i, 3*f = f + 4*i + 288. Let q = f + -68. What is the greatest common divisor of 10 and q?
10
Let j(q) = 13*q - 3. Suppose 3*d + 4*b - 16 = 0, 4*b - 24 = -d - 4*d. Let g be j(d). What is the highest common divisor of g and 7?
7
Let c = -121 - -186. Calculate the highest common divisor of 10 and c.
5
Suppose -70 = -4*l - 2*z + 38, 2*l - 58 = -2*z. What is the greatest common factor of l and 25?
25
Let a = -63 - -119. Calculate the highest common divisor of 140 and a.
28
Let z be 4 - (-3 - (4 + -7)). Calculate the highest common factor of z and 10.
2
Suppose -4*z = -3*z. Let k be 1/(((-3)/(-2))/3). Suppose -k*j + 10 + 6 = z. What is the greatest common divisor of 16 and j?
8
Let w be (4/12)/((-2)/(-12)). Suppose -2*q - 24 = w*d, q = -2*d + 4 - 19. Let s be 8/36 + (-16)/q. Calculate the highest common factor of s and 18.
2
Suppose p = 5*c - 20 - 0, -3*p = -3*c. Suppose 5*b - 635 = 3*r, -630 = -p*b - 0*r + 4*r. What is the highest common divisor of 13 and b?
13
Suppose 0 = d + 3*d + 92. Let b = 29 - d. Suppose 0 = -3*k + 3, 4*o = 4*k - 9*k + 57. Calculate the highest common divisor of b and o.
13
Let h be -9 + 40 + 1 - (-4)/(-1). Calculate the greatest common divisor of h and 21.
7
Let o(b) = -b - 5. Let p be o(-7). Suppose 5 - p = v. Suppose -2*a = v*a - 200. What is the highest common divisor of 10 and a?
10
Let c be -1 + 2 + (12 - -3). Calculate the greatest common divisor of c and 24.
8
Let j be (3 - 3) + -6 - -4. Let v be -22*(j/(-4) - 1). Calculate the highest common divisor of 22 and v.
11
Let d(b) = -b**3 - b**2 + 5. Let f be d(-5). Suppose 4*m - 5*j = -2*j + 45, 4*j = 4*m - 40. What is the greatest common factor of m and f?
15
Let q = -16 - -26. Calculate the highest common divisor of q and 20.
10
Suppose -t = 4*x - 49, x + t - 1 = 3*t. Suppose 0 = 4*p - x - 73. Let q be ((-14)/(-4) + 0)*2. What is the highest common divisor of q and p?
7
Let z = -104 - -116. Calculate the highest common divisor of 8 and z.
4
Let a be (-1)/((0/(-3) - -1)/(-11)). What is the greatest common factor of 11 and a?
11
Suppose 0 = 2*v - 0*v - 14. Let x = 225 + -148. Calculate the highest common factor of v and x.
7
Let g = 4 + -2. Let n = -18 - -11. Let h(p) = p**3 + 6*p**2 - 6*p + 10. Let d be h(n). What is the greatest common factor of d and g?
1
Let q be (-1 - -4)/(12/60). Calculate the greatest common divisor of q and 60.
15
Suppose 5*c = o - 30, -3 = 4*o - 4*c - 43. Suppose 5 - 2 = -h - 4*y, 0 = -h + 4*y + o. Calculate the greatest common divisor of 11 and h.
1
Suppose -2*t + 2 = -t, -t - 10 = -3*n. Suppose n*j - 242 = -34. Let m be (-27)/(-2) + 2/(-4). What is the highest common factor of j and m?
13
Let y(a) = 2*a + 15. Let c be y(13). What is the highest common divisor of c and 123?
41
Let x be ((-3)/4)/((-7)/(-28)). Let g be 4*14/(-12)*x. Calculate the greatest common divisor of g and 21.
7
Let l be (-69)/(-2)*(-6)/(-9). Suppose 5*u + l = 83. Let h(w) = -w**3 + 4*w**2 - w. Let v be h(3). Calculate the highest common factor of u and v.
6
Let b be -3 + (-724)/(-20) + 3/(-15). Calculate the highest common divisor of 22 and b.
11
Let y = 5 - 1. Suppose z - 24 + 4 = -y*m, 3*m - 18 = -z. What is the greatest common factor of z and 8?
4
Suppose -z = 5*q - 0*z - 144, -3*q - z = -86. Calculate the greatest common factor of q and 145.
29
Let k(v) = -v**3 + 7*v**2 - 10*v + 2. Let x be k(5). What is the greatest common divisor of 1 and x?
1
Let d(j) = -j**2 - 9*j - 10. Let g be d(-6). Suppose -4*s = -5*s + g. What is the highest common factor of 8 and s?
8
Let d(g) = g**2 - 6*g + 5. Let v be d(6). Suppose 3*r - 5*r = -10. Suppose -j = 5*c - 47, 2*c - r - v